 is divided by 90?
61
Calculate the remainder when 547237 is divided by 3378.
1
What is the remainder when 49238 is divided by 147?
140
What is the remainder when 90470 is divided by 45227?
16
What is the remainder when 186461 is divided by 32?
29
Calculate the remainder when 3561 is divided by 102.
93
Calculate the remainder when 27438 is divided by 1097.
13
What is the remainder when 62743 is divided by 47?
45
What is the remainder when 1670 is divided by 6?
2
What is the remainder when 204409 is divided by 326?
7
What is the remainder when 15698 is divided by 426?
362
Calculate the remainder when 51188 is divided by 10237.
3
Calculate the remainder when 381614 is divided by 16.
14
Calculate the remainder when 2098 is divided by 1001.
96
Calculate the remainder when 447415 is divided by 73.
71
Calculate the remainder when 31306 is divided by 15640.
26
Calculate the remainder when 40009 is divided by 459.
76
What is the remainder when 280089 is divided by 273?
264
What is the remainder when 8548 is divided by 851?
38
What is the remainder when 17670 is divided by 4377?
162
Calculate the remainder when 1993 is divided by 662.
7
What is the remainder when 758 is divided by 127?
123
Calculate the remainder when 63575 is divided by 448.
407
Calculate the remainder when 1888457 is divided by 70.
67
What is the remainder when 169351 is divided by 88?
39
What is the remainder when 13641357 is divided by 339?
336
Calculate the remainder when 7018 is divided by 146.
10
Calculate the remainder when 83561 is divided by 16.
9
What is the remainder when 2581 is divided by 474?
211
What is the remainder when 11380 is divided by 299?
18
Calculate the remainder when 19151 is divided by 19146.
5
Calculate the remainder when 1242 is divided by 291.
78
Calculate the remainder when 1817 is divided by 1491.
326
What is the remainder when 29094 is divided by 97?
91
Calculate the remainder when 1127 is divided by 5.
2
What is the remainder when 134663 is divided by 1448?
1447
Calculate the remainder when 3258979 is divided by 20.
19
Calculate the remainder when 207850 is divided by 465.
460
What is the remainder when 6137 is divided by 308?
285
Calculate the remainder when 2536 is divided by 90.
16
What is the remainder when 133019 is divided by 6?
5
What is the remainder when 3157 is divided by 316?
313
What is the remainder when 4472 is divided by 4113?
359
Calculate the remainder when 74538 is divided by 37236.
66
What is the remainder when 15545 is divided by 175?
145
What is the remainder when 3203 is divided by 1646?
1557
Calculate the remainder when 959 is divided by 478.
3
Calculate the remainder when 1712 is divided by 74.
10
Calculate the remainder when 4281 is divided by 625.
531
What is the remainder when 3971 is divided by 545?
156
Calculate the remainder when 1030822 is divided by 18.
16
Calculate the remainder when 51462 is divided by 350.
12
Calculate the remainder when 101548 is divided by 50768.
12
What is the remainder when 3739 is divided by 55?
54
What is the remainder when 2063 is divided by 1147?
916
Calculate the remainder when 198970 is divided by 15.
10
What is the remainder when 237483 is divided by 163?
155
Calculate the remainder when 174929 is divided by 102.
101
Calculate the remainder when 7106 is divided by 209.
0
Calculate the remainder when 35247 is divided by 721.
639
What is the remainder when 22534 is divided by 1870?
94
Calculate the remainder when 8139 is divided by 8132.
7
Calculate the remainder when 12291 is divided by 279.
15
Calculate the remainder when 309 is divided by 3.
0
What is the remainder when 5278 is divided by 255?
178
What is the remainder when 45946 is divided by 25?
21
Calculate the remainder when 19603 is divided by 307.
262
What is the remainder when 7612 is divided by 128?
60
Calculate the remainder when 122163 is divided by 225.
213
What is the remainder when 135124 is divided by 67559?
6
What is the remainder when 11036 is divided by 45?
11
Calculate the remainder when 3907 is divided by 762.
97
What is the remainder when 37057 is divided by 7404?
37
What is the remainder when 3384 is divided by 179?
162
Calculate the remainder when 3332 is divided by 22.
10
What is the remainder when 502011 is divided by 22?
15
Calculate the remainder when 499173 is divided by 44.
37
Calculate the remainder when 277746 is divided by 284.
278
What is the remainder when 29858 is divided by 622?
2
Calculate the remainder when 82620 is divided by 41305.
10
What is the remainder when 12295 is divided by 6140?
15
Calculate the remainder when 3620 is divided by 352.
100
What is the remainder when 96 is divided by 57?
39
Calculate the remainder when 10002 is divided by 233.
216
Calculate the remainder when 42877 is divided by 42.
37
Calculate the remainder when 140759 is divided by 153.
152
What is the remainder when 14396 is divided by 385?
151
What is the remainder when 9486657 is divided by 13?
11
What is the remainder when 40022 is divided by 3317?
218
Calculate the remainder when 3530 is divided by 3469.
61
What is the remainder when 7185 is divided by 219?
177
What is the remainder when 33750 is divided by 11128?
366
Calculate the remainder when 8368 is divided by 557.
13
Calculate the remainder when 938702 is divided by 938694.
8
What is the remainder when 12286 is divided by 267?
4
What is the remainder when 143252 is divided by 35810?
12
Calculate the remainder when 286288 is divided by 23857.
4
What is the remainder when 176271 is divided by 368?
367
What is the remainder when 213346 is divided by 360?
226
Calculate the remainder when 73295 is divided by 73246.
49
Calculate the remainder when 15513 is divided by 1191.
30
Calculate the remainder when 129901 is divided by 32456.
77
What is the remainder when 29600 is divided by 150?
50
What is the remainder when 1432 is divided by 620?
192
Calculate the remainder when 15071 is divided by 41.
24
Calculate the remainder when 9043 is divided by 38.
37
What is the remainder when 395087 is divided by 155?
147
What is the remainder when 551 is divided by 253?
45
What is the remainder when 8085 is divided by 139?
23
Calculate the remainder when 1255 is divided by 83.
10
Calculate the remainder when 7794 is divided by 60.
54
Calculate the remainder when 11892 is divided by 1189.
2
Calculate the remainder when 70112 is divided by 188.
176
Calculate the remainder when 28825 is divided by 14380.
65
What is the remainder when 2999 is divided by 63?
38
Calculate the remainder when 108692 is divided by 27173.
0
Calculate the remainder when 2038 is divided by 288.
22
Calculate the remainder when 1974 is divided by 138.
42
Calculate the remainder when 2769890 is divided by 1138.
1136
Calculate the remainder when 3916 is divided by 140.
136
Calculate the remainder when 768 is divided by 97.
89
What is the remainder when 295154 is divided by 10?
4
Calculate the remainder when 578093 is divided by 114.
113
Calculate the remainder when 32504 is divided by 2705.
44
What is the remainder when 84359 is divided by 24?
23
Calculate the remainder when 3601 is divided by 1185.
46
What is the remainder when 1914 is divided by 175?
164
Calculate the remainder when 5817 is divided by 78.
45
What is the remainder when 7054 is divided by 192?
142
What is the remainder when 46753 is divided by 235?
223
What is the remainder when 4486 is divided by 230?
116
What is the remainder when 132422 is divided by 7789?
9
What is the remainder when 15265 is divided by 11?
8
What is the remainder when 3821 is divided by 17?
13
What is the remainder when 240458 is divided by 10?
8
Calculate the remainder when 9604 is divided by 9577.
27
Calculate the remainder when 4313077 is divided by 49.
48
Calculate the remainder when 2961 is divided by 1477.
7
What is the remainder when 73985 is divided by 38?
37
Calculate the remainder when 163413 is divided by 6.
3
What is the remainder when 543 is divided by 297?
246
Calculate the remainder when 1926 is divided by 596.
138
What is the remainder when 9970 is divided by 9857?
113
What is the remainder when 2485 is divided by 796?
97
Calculate the remainder when 28152457 is divided by 1249.
1246
Calculate the remainder when 28664 is divided by 470.
464
What is the remai